t is the hundreds digit of b?
7
Let s = -60 - -57. Let v be s/(18/(-8)) + (-25)/3. What is the tens digit of (-2)/v + 334/7 + 1?
4
Let t be (-14)/1 - 2/2. Let s(n) = 10 - 18*n**2 + 7*n + 4*n**2 - 6 - 11 - 1 - n**3. What is the hundreds digit of s(t)?
1
Let g = 47325 + -33017. What is the tens digit of g?
0
Let c be ((-5)/(-2))/((-2)/(-4)). Suppose c*k + 26 = -14. Let x(t) = -t**3 - 6*t**2 + 11*t + 3. What is the tens digit of x(k)?
4
Let s = 60 + -59. Let l = s + 1. Suppose -2*p + 143 = -t, -l*p + 161 = 2*t + 3*t. What is the tens digit of p?
7
Suppose -3*b + 33241 = 165*h - 166*h, 4*h + 22144 = 2*b. What is the ten thousands digit of b?
1
Let g(j) = 7*j**2 + 10*j - 215. What is the hundreds digit of g(33)?
7
Suppose 4*q + 4*t - 82506 - 64306 = 0, -5*q = -5*t - 183515. What is the ten thousands digit of q?
3
Let c be (-1 - 422/(-14)) + (-20)/140. Suppose 0 = -3*b + 274 + c. What is the units digit of b?
1
Suppose 5*y + 9*s - 10*s = 1383, 3*y + 3*s - 819 = 0. Let o = y + -75. What is the units digit of o?
1
Let n(b) be the second derivative of b**3/6 + 12*b**2 - 10*b. Let c = -37 + 20. What is the units digit of n(c)?
7
Let r be (1 - 2)/(6/(-12)). Suppose 2*q - 1894 = -r*m, 0*m = 3*q - 4*m - 2834. What is the units digit of q?
6
Suppose -414 = -3*p + 384. Suppose -3*v + 5*h = -0*v - 778, -5*h = -v + p. Let s = -167 + v. What is the tens digit of s?
8
Let v(l) = -33*l - 4. Let f be v(2). What is the units digit of f/14*79/(-5)?
9
Let h(p) = 2*p + 58. Let j be h(-20). Let v be (j - 2)/4 + -6 + -4. Let f(s) = -s**3 - 2*s**2 + 2*s + 15. What is the tens digit of f(v)?
4
Let r = -2 + -12. Let d = 22 + r. Let x(m) = 4*m - 4. What is the units digit of x(d)?
8
Let i = -6456 + 10213. What is the tens digit of i?
5
Suppose -3*v = -i - 6, 2*v + 9 = -3*i + 24. Let z(n) = 14*n + 8. Let x(u) = -28*u - 17. Let s(d) = 3*x(d) + 7*z(d). What is the units digit of s(i)?
7
Suppose 0 = -9*a + 4*a + 5*z - 10, -5*a = z - 14. Suppose -2*p = -3*y + 2345, 2340 = -a*y + 5*y + 3*p. What is the tens digit of y?
8
Suppose -3*u + 122280 = 3*f, 4*u + 275388 = 5*f + 71588. What is the units digit of f?
0
Let d = -4388 + 1724. Let o = d - -3784. What is the hundreds digit of o?
1
Let l = -661 + 378. Let f = -119 - l. What is the hundreds digit of f?
1
Let h = 45 + -41. Let d be ((-79)/(-4) + -2)*h. Let p = 164 - d. What is the tens digit of p?
9
Suppose 0 = l - 3*o - 0 - 6, 3*o + 6 = 5*l. Suppose 4*g + u - 4125 = l, 3*g + 13*u = 10*u + 3087. What is the units digit of g?
2
Let f(o) = 4*o**3 - 40*o**2 + 4*o - 10. Let m be f(10). What is the tens digit of (m/(-9))/5 - 532/(-6)?
8
Let y be 12/(-27) - ((-19984)/(-72) + -5). Let b = 105 - y. What is the units digit of b?
8
Let y = 170 + -72. Let b = y + 297. What is the hundreds digit of b?
3
Suppose -4*l - 4*w = -133496, -2*l - 5*w - 18592 = -85358. What is the hundreds digit of l?
3
Suppose 4*o = 3*g + 10, 3*g + 45 = -o - 2*o. Let y = 100 + g. Let j = y - 34. What is the units digit of j?
6
Suppose -3*k = y - 30, 150 = 5*y - 0*k - 2*k. Suppose -5*o - 27 = -m - 102, 2*m - y = -2*o. What is the tens digit of 6/o - 358/(-5)?
7
Let i(w) = 31*w**2 + w - 10. Let u be i(-6). Suppose 4*j = -j + u. Suppose -4*b + j = -268. What is the hundreds digit of b?
1
Suppose -2*v + 3 = -3, 5*x = -4*v + 12. Suppose x*f + 3*z - 482 = -5*f, 2*f + 5*z - 208 = 0. What is the tens digit of f?
9
Let a = 1302 + 1857. What is the thousands digit of a?
3
Let v = -34 + 30. What is the units digit of (-62)/((-104)/20 - v - -1)?
0
Suppose -3*z - 3*a - 12 = 0, -z + 4*z - 3*a = -24. Let u be ((-164)/z)/(2/(-3)). Let k = 104 - u. What is the hundreds digit of k?
1
Let p = -14 + 12. What is the units digit of (2 - 84)/p*4?
4
Suppose -4*g = -207 + 47. Let x = -3442 - -3433. Let m = g + x. What is the units digit of m?
1
Let w(o) = o**2 + 10*o - 18. Let z be ((-24)/60)/((-1)/(-30)). Let q be w(z). What is the tens digit of 137/3 + 4 + 2/q?
5
Suppose 329*f = 366*f - 1176674. What is the hundreds digit of f?
8
Let t = -194 - -198. Suppose -5*m + 472 = a, 1118 = -t*a - 5*m + 3036. What is the tens digit of a?
8
Suppose 6*m = 23*m - 34. Suppose 4*v + 4 = p, -m*p - 36 = 5*v - 109. What is the tens digit of p?
2
Let o(l) = -l**3 - 19*l**2 - 43*l - 32. Let a be o(-22). Suppose -4*h = 3*h - a. Let d = h - 81. What is the units digit of d?
7
Let t = -3005 + 7890. What is the thousands digit of t?
4
Let w = -43770 + 66921. What is the tens digit of w?
5
Let u = -12 - -17. Suppose n = u*j - 2, -1 = j - 2. Suppose -5*v - 2*o + 564 = 0, 2*v - n*o - 240 = o. What is the hundreds digit of v?
1
Suppose -3*b = -2*b - 4. Let d be 4 - ((-480)/(-3))/b. What is the units digit of 6/27 - 964/d?
7
Let r(i) = -4*i - 45. Let k be r(-12). What is the hundreds digit of k/((-3)/(-455)) - (1 - -3)?
4
Suppose 769618 = 234*i - 155*i. What is the tens digit of i?
4
Let i(u) = -11*u - 109. Let x be i(-10). Suppose 0 = -j - 0*f - 3*f + 371, -x = -f. What is the hundreds digit of j?
3
Suppose -4*j + 2 = o - 10, -4*o = 5*j - 15. Let b be 72/48*(-1)/(j/346). Let z = b + 310. What is the hundreds digit of z?
1
Suppose -4*y + 8387 = 2947. Let x = y + -959. What is the hundreds digit of x?
4
Suppose 5*o + 24792 = -21*v + 23*v, 4 = o. What is the hundreds digit of v?
4
Suppose -3 = 6*y - 51. Suppose 3*a + 12 = y*a - 3*n, 3*a + 2*n + 8 = 0. Suppose a = r - 126 - 34. What is the hundreds digit of r?
1
What is the thousands digit of ((-406)/35)/((-56)/123620)?
5
Suppose 333 = -53*y + 16*y. What is the units digit of y/33 - 8208/(-209)?
9
Suppose 4*h + 4*y - 96659 = 52957, -3*y + 9 = 0. What is the tens digit of h/35 + (-21)/35?
6
Let j(x) = 159*x**2 + 58*x + 663. What is the ten thousands digit of j(-12)?
2
Suppose -5*n + 8 = 2*v, -3*n + 2*v = -n + 8. Suppose 26*q - 8*q - 6732 = n. What is the hundreds digit of q?
3
Suppose 59*m - 71*m = 18564. Let x = -751 - m. What is the tens digit of x?
9
Let k be 10/280*-8 - 877/(-7). Suppose 142*d - 16694 = k*d. What is the tens digit of d?
8
Let f(m) = -89*m**2 + 6 - 5*m - 1 + 137*m**3 + 88*m**2. What is the thousands digit of f(2)?
1
Let y(d) be the second derivative of -62*d**3 - d**2 + 22*d. Let j be y(1). What is the tens digit of (-4)/(-1 + 9) - j/4?
9
Let c be (-22)/(-308) - 291/(-42). What is the units digit of 7 + (-33972)/(-28) - 2/c?
0
What is the units digit of 11 - 858850/178*66/(-10)?
6
Let m = -201 - -204. Suppose 0 = -5*o - m*x + 3700, 4*o = 5*x - x + 2960. What is the units digit of o?
0
Suppose -187027 = -4*q - 3*b, 0 = 3*q + 81*b - 76*b - 140273. What is the tens digit of q?
5
Let r(l) = 45*l**3 - 4*l - 13. Let o(g) = -16*g - 205. Let b be o(-13). What is the hundreds digit of r(b)?
1
Suppose -q = -11 - 3. Let z(g) = 3*g - 18. Let r be z(q). Let m = 38 - r. What is the tens digit of m?
1
Let h be (-1)/2*(-10 + -8). What is the hundreds digit of (-3)/h - (-1171)/3?
3
Let o(n) = 4*n - 24 + 12*n - 11*n. Let a be o(6). Suppose c = -4*u + 293, a*u - u = -5*c + 1390. What is the units digit of c?
3
Let n = -199 + 332. Let t = 266 + n. What is the tens digit of t?
9
Let b(y) = 139*y + 5 + 6 + 0*y**2 - y**2 - 168*y. What is the hundreds digit of b(-16)?
2
Let z = 25995 - 15345. What is the ten thousands digit of z?
1
Let h be ((-8)/(-12))/(-1)*6 - -6. What is the hundreds digit of 368 + (12/18 - h/(-6))?
3
Let w(j) = 24*j**2 - 308*j + 72. What is the ten thousands digit of w(-28)?
2
Suppose 34*g = -21*g - 6325. Let q be (-261)/(-1) + 1*2. Let m = g + q. What is the units digit of m?
8
Suppose -4*o = -5*m + 1079 + 1661, 534 = m + 2*o. Suppose -4*d + d + 5*n + m = 0, 4*d - 730 = 2*n. Let s = -87 + d. What is the tens digit of s?
9
Suppose 0 + 5 = 5*u. Suppose u = m - 8. Suppose 0 = -12*w + m*w + 264. What is the tens digit of w?
8
Let g(d) = -14*d - 6*d + 8 + 21*d. Let s be g(8). Suppose s*r + 192 = 19*r. What is the units digit of r?
4
Let o(k) = 5*k**2 - 7*k + 647. Let f(q) = 4*q**2 - 10*q + 648. Let t(y) = 4*f(y) - 3*o(y). What is the hundreds digit of t(0)?
6
Let x(r) = 319*r - 1891. What is the hundreds digit of x(7)?
3
Let o(g) = 220*g**2 - 40*g - 199. What is the hundreds digit of o(-9)?
9
Suppose 0 = -f - 3 + 8. Suppose -7*v = -f*v - 48. What is the tens digit of v?
2
What is the ten thousands digit of 22*(20 - (-368568)/176)?
4
Let w = 61 - -66. Su